*z - 320 = -0*k - k, -5*z + 4*k + 320 = g. What is the tens digit of z?
6
Suppose 3*v = -0*r + r - 228, 1153 = 5*r - 2*v. What is the hundreds digit of r?
2
Suppose 36 = 4*h - 4*g - g, 0 = -5*h + 3*g + 32. Suppose -h*o = o - 5*l - 500, o + 4*l - 90 = 0. What is the units digit of o?
8
Suppose -87*u - 15 = -88*u. What is the units digit of u?
5
Suppose 4*i - 444 = -r, 2*i = -6*r + 2*r + 1776. What is the units digit of r?
4
Let w = 110 - 112. What is the hundreds digit of (45 - -2)/(w/(-10))?
2
Let f(j) = j**3 - 12*j - 4*j**2 + 6*j**3 - 2 + 18*j - 2*j. What is the units digit of f(2)?
6
Let t = -26 - -67. Let f = 26 - t. Let h = f + 24. What is the units digit of h?
9
Suppose h + h = 4. Suppose 5*x + 12 - 114 = -3*m, h*m - 3*x - 68 = 0. Let k = -20 + m. What is the tens digit of k?
1
Suppose 3*g - q = 1565, -3*g + 7*q = -g - 1056. What is the units digit of g?
1
Suppose 5*n = -2*m - 0*n + 44, -m = -5*n - 22. Suppose -2*c + 0 = -m. Let q(b) = -b**3 + 10*b**2 + 12*b + 5. What is the tens digit of q(c)?
1
Let n(z) = -z**3 - z**2 + 3*z + 4. Let l be n(-2). Let k(b) = 3*b**3 - 3*b**2 + 8*b - 3. What is the tens digit of k(l)?
2
Suppose -4*p + 5097 = 20*k - 17*k, 2*k + 5*p = 3398. What is the hundreds digit of k?
6
Suppose -2*d - 10*d + 3072 = 0. What is the units digit of d?
6
Let o(x) = 6*x**3 + 2*x**2 - 1. Let s be o(1). Let f(k) = k**2 + 5*k - 11. What is the units digit of f(s)?
3
What is the hundreds digit of (-3310)/(7 + 3 + -11)?
3
Suppose 2*c = p - 6462 + 1647, -p + 4*c + 4817 = 0. What is the thousands digit of p?
4
Let c = -14 - -16. Suppose 3*t = -3*q + 5*q + 12, -4*q - 16 = -c*t. What is the units digit of -3*(2 + q) - -6?
9
Let q = -23 + 27. Suppose 3*u + 2*f - 88 = 0, q*u - 125 = 9*f - 4*f. What is the tens digit of u?
3
Suppose 4*t - 9 = -m, 5 = 2*t + 3. What is the units digit of 0 - (-11*m + 2)?
3
Let i(d) = d**2 - 38*d + 29. What is the hundreds digit of i(70)?
2
Let o(y) = 2*y - 1. Let h be o(2). What is the tens digit of (40/(-32)*h)/((-3)/20)?
2
Suppose -5*v + v = 128. Suppose -483 = -11*y + 4*y. Let a = y + v. What is the tens digit of a?
3
Suppose 8*r - 11240 = 3168. What is the thousands digit of r?
1
What is the tens digit of (-73)/((-2)/11 + 153/(-187))?
7
Let q = 6882 + -3612. What is the tens digit of q?
7
Let b = -30 - -20. Let d(i) = -2*i - 20. Let k be d(b). Suppose k = 5*p + 20, 3*p + 22 + 16 = 2*z. What is the units digit of z?
3
Suppose 0 = 24*q - 6*q - 180. What is the tens digit of q?
1
Let j = 279 + -143. Let s be j/(-14) - 2/7. What is the units digit of (-64)/s*5/2?
6
What is the hundreds digit of 470 - -1 - (14 + -17)?
4
Suppose -2*f + 52 = i, -2*f + 0*f - 2*i = -48. Suppose -f = -v - 4. Suppose -3*k = -2*k - v. What is the tens digit of k?
2
Let y be -2 - (-2 - -85) - 1. Let k = y - -153. What is the tens digit of k?
6
Suppose 0 = -2*i - n + 10, 2*n + 2*n - 25 = -3*i. Suppose -8*u + 30 = -i*u. What is the units digit of (-40)/(-18) - u/27?
2
Let j(d) = -2*d - 19. Let w be j(4). What is the tens digit of (-561)/(-12) - (w/12 - -2)?
4
Let s(h) = 6*h**2 - 15*h + 196. What is the units digit of s(27)?
5
Suppose -5*o + 1410 = 10*o. Suppose c - 53 = o. What is the tens digit of c?
4
Let j(s) = s**2 - 26*s - 178. Let w be j(-6). Let v(t) be the third derivative of t**4/6 - 5*t**3/2 - 2*t**2. What is the tens digit of v(w)?
4
Suppose 18 = -3*f + 9*f. Suppose 0 = -f*d - 5*r + 211, 0*r - 4*r - 220 = -3*d. What is the units digit of d?
2
Let f(v) = 8*v + 5. Let r be f(-5). Let p = r + 48. What is the tens digit of p?
1
Suppose -2*x + 1632 = -o, 1379 = 3*x - 4*o - 1079. What is the hundreds digit of x?
8
Suppose -2*n + 1583 = 5*p, 18*n - 20*n = -3*p + 937. What is the tens digit of p?
1
Suppose 0*s - 2*s + 1565 = 5*p, p - 305 = -2*s. What is the units digit of p?
5
Let l be 1*(-1)/((-2)/4). Suppose 2*y = -2*y + l*v - 2, 0 = -5*y + v + 5. Suppose -3*q + q = -5*i + 4, 0 = y*i - 8. What is the units digit of q?
8
Let z(h) = 2*h + 1. Let n(u) = 20. Let l(p) = 3*n(p) + 6*z(p). What is the tens digit of l(7)?
5
Let a = 105 + -77. Suppose -a + 4 = -12*l. What is the units digit of l?
2
Let h be 185 - (2 - 0)*-2. What is the tens digit of -5 + 130/25 + h/5?
3
Let d(t) = -2*t - 12. Let z be d(-8). Suppose -z*r + k = -210, -r + 0*r + k + 54 = 0. What is the tens digit of r?
5
What is the hundreds digit of (2247/9)/((-3 - -4)/6)?
4
Let q(z) = -z - 3. Let y be q(-9). Suppose -2*i + y + 6 = 0. What is the units digit of i?
6
Let y be (4 + (-3 - 2))/((-2)/2544). What is the tens digit of (16/10)/(y/(-255) + 5)?
3
Let l = -201 - -1889. What is the hundreds digit of l?
6
Suppose 6*f - 88 = 2*f. Suppose 2*w - f = -5*p, 3*w - p + 1 = -0. Suppose 2*h - 7 = 2*g + 3*g, w = g. What is the units digit of h?
6
Suppose 15 = 5*w - 2*w. Suppose w*t = 0, -u + 5*t + 31 - 2 = 0. What is the tens digit of u?
2
Let a(f) = 4 + 2 - 1 - 6. Let q(o) = -3*o**2 - 4*o + 5. Let w(b) = -6*a(b) - q(b). What is the units digit of w(-3)?
6
What is the units digit of (-66)/(-154) - (-86676)/28?
6
Let d(f) = -204*f + 8. What is the units digit of d(-1)?
2
Suppose a - 140 = -6*v + 42, -a - v + 177 = 0. What is the units digit of a?
6
Let u(m) = -7*m**2 + m - 6. Let v(c) = -8*c**2 + c - 7. Let r(n) = -3*u(n) + 2*v(n). Let i(z) be the first derivative of r(z). What is the units digit of i(1)?
9
What is the hundreds digit of 157920/72 - (-5)/3?
1
Suppose -g + 17*v - 18*v = -1364, 3*v - 2731 = -2*g. What is the thousands digit of g?
1
Let r = -4 + 66. Suppose -2*g = -g - r. What is the tens digit of g?
6
Let g = 271 - 177. What is the tens digit of g?
9
Suppose -v + 3*l + 7 = 0, -4*l - 3 = 1. Suppose -q + v*h + 54 = 0, 0*q + 2*q - 3*h - 133 = 0. What is the tens digit of q?
7
Suppose 0 = -4*n + 3*x, -5*n - 2*x - 22 - 1 = 0. Let r(p) = p**3 + 5*p**2 + 3*p. What is the units digit of r(n)?
9
Let k = -161 + 161. Let q(w) = w**3 + 304. What is the hundreds digit of q(k)?
3
Suppose -2*m + 88 = n, -3*n - 2 = -3*m - 302. Let u = 170 - n. What is the tens digit of u?
7
Let o be (-1 + 0)/(4 + -3). What is the tens digit of o/(-1) + (-156)/(-2)?
7
What is the units digit of (-3)/2*8410/(-15) + 1?
2
Suppose 0 = -r, 5*h = 3*r - 140 + 380. Suppose -8*a - h = -4*a. Let k = a - -17. What is the units digit of k?
5
Suppose -4*a + 12*l = 13*l - 6028, 5*a = -l + 7534. What is the hundreds digit of a?
5
Let q(s) = -s**2 + 3*s + 3. Let r be q(3). Suppose 3*f - 1 = 5. Suppose 0 = -f*j - 0*j - 6, -4*o + r*j + 89 = 0. What is the tens digit of o?
2
Let d(g) = 7*g**2 + 13*g + 12. Let o(j) = -6*j**2 - 14*j - 11. Let m(s) = 6*d(s) + 5*o(s). What is the units digit of m(-5)?
7
Suppose -2*u + 244 = -2*p, -85 = -u + 2*p + 39. Suppose 2*k + u - 422 = 4*d, 3*k - 457 = 4*d. What is the hundreds digit of k?
1
Suppose 0 = -4*z + 3 + 37. What is the hundreds digit of 6/15 + 1286/z - 0?
1
Let a(f) be the third derivative of 25*f**4/24 - 5*f**3/6 - 16*f**2. What is the units digit of a(3)?
0
Let g(h) = 2*h**3 + 10*h**2 - 15*h + 22. Let a(c) = -c**3 - 5*c**2 + 8*c - 11. Let s(n) = -5*a(n) - 2*g(n). What is the tens digit of s(-5)?
6
Let k = -1 + 10. What is the units digit of (k - (-6 - -1))/((-2)/(-19))?
3
Let c be (-2 - 0) + (-5)/(-1). Suppose 5*f - 3*x = 155, -f - 4*x = -c*f + 48. What is the tens digit of f?
3
Let w(o) = 266*o**2 - 9*o + 26. What is the units digit of w(2)?
2
Suppose 2*x - 3377 = -3*y - 974, 3*x - 3610 = y. What is the thousands digit of x?
1
What is the units digit of 129 + (-32)/(-6 - 2)?
3
Suppose 3*c = -2*c + 1070. Suppose -4*q = -3*w + 190, 4*q + c + 38 = 4*w. What is the units digit of w?
2
Let r(l) = 911*l - 84. What is the units digit of r(4)?
0
Suppose 2*l - 5*l - 66 = 5*o, 0 = 5*o + 2*l + 69. Suppose -3*j = -2*a - 3*a + 147, 3*a + 3*j - 93 = 0. Let t = a + o. What is the units digit of t?
5
Let g = 1032 - 604. Suppose g = 4*d + 64. What is the units digit of d?
1
What is the thousands digit of (0 - -30)/3*(262 + 0)?
2
Suppose 4*j - y - 2705 = 0, -3*j - 3400 = -8*j + 5*y. What is the tens digit of j?
7
Suppose 5*g + 4285 = 2*y, g + 41 - 44 = 0. What is the units digit of y?
0
What is the tens digit of (120/(-14))/((-207)/6762)?
8
Let o(d) = d**3 - 9*d**2 - 10*d + 7. Let a be o(10). Let l be (a - -3)/(2/1). Suppose 0 = l*z - 34 - 56. What is the tens digit of z?
1
Let q be (